 is the highest common divisor of s and b?
13
Suppose 2*q = -2*o + 34, -2*q - 17 = o - 29. Calculate the highest common factor of 55 and o.
11
Let o be (4 + -7)/(-3) + 1. Suppose -5*j = -25, l - o*l + 2*j = 5. What is the greatest common factor of 5 and l?
5
Suppose -6*o = -8*o + 8. Suppose -2*f = -2 - o. Suppose 3*u + 69 = 2*p, 0 = 3*p + 3*u - 8*u - 106. What is the highest common divisor of f and p?
3
Let t(s) = 6*s - 52. Let b be t(11). Suppose -2*x - 460 = -0*u - 3*u, 0 = 2*u + 3*x - 311. What is the greatest common divisor of b and u?
14
Suppose c - 22 = -2*h, 0 = 4*h - 7 - 5. Calculate the greatest common factor of c and 400.
16
Let u(y) = 3*y**3 - 3*y**2 - 4*y - 2. Let v = -27 - -25. Let d be u(v). Let h be -3*d/9 - 3. What is the greatest common divisor of h and 21?
7
Let j = 0 + 10. Let r be ((-10)/(-16))/((-105)/(-336)). Calculate the highest common factor of j and r.
2
Suppose -5*n + 4 = 2*h, -4*h = -n + 14 - 0. Suppose 0 = -5*m + 4*k + 124, -2*m + m + 3*k = -27. Calculate the greatest common divisor of n and m.
2
Suppose 5 - 1 = k + 4*i, -3*i = 5*k - 20. Suppose -k*y + 5*b + 465 = 0, -357 - 240 = -5*y + b. Calculate the highest common divisor of 40 and y.
40
Let r(q) = -74*q - 204. Let a be r(-6). What is the highest common divisor of 150 and a?
30
Let h(u) be the first derivative of u**4/4 + u**3 - u**2 + u + 5. Let g be h(-3). Let q = 4 + 38. Calculate the greatest common divisor of q and g.
7
Let c be 1 - 60 - (-21)/(-21). Let u = -59 - c. Calculate the highest common factor of 7 and u.
1
Let d(b) be the second derivative of b**4/12 + 7*b**3/6 - 5*b**2 - 23*b. Let g be d(3). What is the greatest common divisor of g and 60?
20
Suppose -3*k + 7*k = -4*z + 64, -z + 2 = 0. What is the highest common divisor of k and 749?
7
Let t be ((-306)/(-85))/(2/(-20)). Let p = 66 + t. Let y = -16 + 28. What is the greatest common factor of y and p?
6
Suppose 0 = -5*k + 2*d - 281 - 115, -4*k - 306 = 2*d. Let v be (-12)/k - 544/(-13). What is the highest common factor of v and 6?
6
Let p(k) = k**2 - 3*k - 1. Let y be p(-2). Suppose y = -0*u + u. Let j = 15 - u. Calculate the highest common divisor of j and 3.
3
Suppose -194 - 198 = -7*k. What is the highest common factor of 16 and k?
8
Let n = 140 + -103. Let o(c) = 111*c**3 - c**2 + 2*c - 1. Let u be o(1). Calculate the highest common factor of u and n.
37
Let c(p) = -2*p**3 - 6*p**2 + 7*p + 1. Let a be c(-6). Suppose 2*m - 340 = -5*n, 7*n + 4*m = 10*n - 230. Calculate the highest common divisor of n and a.
35
Suppose -46 = -5*j + 264. Let c = j - 36. Calculate the greatest common divisor of 208 and c.
26
Suppose 16*y - 82 = -25*y. Calculate the greatest common factor of y and 16.
2
Suppose 21*m = 13*m + 112. What is the highest common factor of m and 182?
14
Suppose -5*k = -5*g - 365, 9 = 4*k - 3. Let i = -60 - g. Calculate the greatest common factor of i and 170.
10
Let n be -1 + 53 + 0/(-2). Let d(g) = 2*g**2 + g + 88. Let q be d(0). Suppose -42 = -10*v + q. What is the greatest common divisor of v and n?
13
Suppose f - 2*u = 308 + 73, 0 = -3*f + 4*u + 1139. What is the highest common factor of f and 13?
13
Let a be 3/24*-2 - 7381/(-244). What is the greatest common divisor of a and 135?
15
Let q(p) = p**2 - 8*p - 6. Let b be q(8). Let f be -1 + ((-6)/(-2))/3. Let j be f + (-3)/(b/154). What is the greatest common divisor of 7 and j?
7
Let r(o) = o**2 + 10*o - 16. Let d be r(-9). Let b be ((-6)/15 + 0)*d. What is the greatest common divisor of b and 50?
10
Let q(t) = -10*t - 73. Let z be q(-8). Calculate the highest common factor of 413 and z.
7
Let m = -26 + 26. Suppose -5*n - 9 + 34 = m. Suppose -n*o - 38 = -88. What is the greatest common factor of o and 40?
10
Suppose 3*q + i = 586, -15 = -5*i - 25. Calculate the highest common factor of q and 84.
28
Let b be 1 + -68*(3 + (-36)/16). Let i = 127 + b. Let x be (-1)/(1/(11*-1)). What is the highest common divisor of x and i?
11
Let q = 103 - -183. What is the greatest common divisor of 26 and q?
26
Let m = -4 - 5. Let x = -3 - m. Suppose -f = -x*f + 15. What is the greatest common factor of f and 27?
3
Let m = 499 + -211. Suppose 0 = -8*x - 38 + 326. Calculate the greatest common divisor of x and m.
36
Let f be (-2)/8 + (-3375)/(-12) + 11. What is the greatest common divisor of 365 and f?
73
Let b = 17 + -13. Suppose 3*v - 120 = -b*r, -75 = -2*v - 2*r + 5. Calculate the greatest common divisor of v and 10.
10
Let p be ((-3)/2)/(6/(-160)). What is the highest common divisor of 8 and p?
8
Let r(d) = d**3 + 8*d**2 + 4*d + 3. Let i be r(-7). Suppose -3*f + i = 3. Let l(y) = 2*y - 2. Let b be l(f). Calculate the highest common divisor of b and 4.
4
Let o be (-4 - -4 - 1) + 36/1. What is the highest common factor of 560 and o?
35
Let l(c) = -c**3 + 7*c**2 - 13*c + 54. Let r be l(6). Calculate the highest common factor of r and 588.
12
Let a be (9 + -210 + -9)*1*-1. Calculate the highest common factor of a and 35.
35
Let n(z) be the first derivative of -z**4/4 - 4*z**3 - 6*z**2 + 13. Let u be n(-11). Calculate the greatest common divisor of 11 and u.
11
Let q be 35/7 - -1*6. What is the highest common divisor of q and 1397?
11
Let g(j) = -j**3 + 4*j**2 - j + 2. Let i be g(2). Suppose i*u = 6*u + 10. Suppose u*n + 29 = 129. What is the highest common divisor of n and 50?
10
Suppose g + 2*y - 231 = 0, 45 = -3*g + 5*y + 749. Let n = g - 148. What is the greatest common factor of 17 and n?
17
Let y be (-6)/3*-1 + 1. Let o(u) = 16*u**2 - 2*u. Let j be o(y). Let b = 194 - j. Calculate the highest common factor of b and 14.
14
Let b be 75499/515 - (0 - 2/5). Calculate the greatest common factor of 105 and b.
21
Let a(t) = -t**3 - 3*t**2 + 3. Let b be a(-3). Let m be (8 - -4)/(-3) - -22. Suppose -r = b - m. Calculate the highest common factor of r and 120.
15
Let y = -19 + 33. Let m(z) = z**2 - 9*z - 8. Let s(d) = d**2 + d - 9. Let b be s(-5). Let f be m(b). What is the highest common factor of y and f?
14
Let m be 40/2 + (-1)/1. Suppose 4*x - m + 3 = 0. Let c(k) = 5*k**2 - 2*k - 2. Let f be c(x). What is the highest common factor of 10 and f?
10
Suppose 0 = -3*n - 4*d + 11, -4*n + 28 = d + d. Let v = n - 9. Suppose v = -2*o - 4*o + 540. What is the highest common factor of o and 36?
18
Let p be (-110*(0 - -2))/((-12)/24). What is the highest common divisor of 55 and p?
55
Suppose 127*o = 1056 + 1103. Let k = 193 - 108. What is the highest common factor of o and k?
17
Let q(j) = -63*j + 7. Let a be q(-6). What is the greatest common divisor of 110 and a?
55
Let a be ((-26)/(-10) - 2) + (-729)/(-135). What is the greatest common factor of 42 and a?
6
Let d = -109 - -643. Calculate the greatest common divisor of 6 and d.
6
Suppose 2*c + 118 = 2*s, s - 4*c = -0*c + 68. What is the highest common factor of 49 and s?
7
Suppose 0 = 3*i + i - 140. Let t(b) = -30*b + 14. Let j be t(0). Calculate the greatest common divisor of j and i.
7
Let o = 13 - 9. Suppose -o*h - h + 55 = 0. Let k(u) = 3*u**2 + u + 3. Let i be k(4). Calculate the highest common divisor of i and h.
11
Let c(m) = 26*m - 93. Let n be c(5). What is the greatest common factor of 185 and n?
37
Suppose 114*f + 2240 = 146*f. Calculate the highest common factor of f and 1085.
35
Let h(x) = -x - 17. Let f be h(7). Let p = -19 - f. What is the greatest common factor of 1 and p?
1
Let i(d) = d**3 - 9*d**2 + 19*d + 6. Let a be i(5). Calculate the greatest common factor of a and 25.
1
Suppose -2*c + 18 = 2*j, 5*c + 3*j = 37 + 14. Calculate the greatest common divisor of c and 228.
12
Let i(r) = 5*r**2 - 10*r + 14. Let n be i(7). What is the highest common factor of n and 27?
27
Let r = 521 + -406. Calculate the highest common factor of 10 and r.
5
Suppose 2530 = 36*x - 2222. Suppose 6*z - 201 = 327. What is the greatest common divisor of z and x?
44
Suppose -v = 4*l - 10048, l - 20*v - 2531 = -25*v. Calculate the greatest common factor of 27 and l.
27
Let j = -25 + 28. Suppose 0 = -9*d + j*d + 1200. What is the highest common divisor of 25 and d?
25
Suppose 5*z - 76 - 4 = -4*x, 5*z - 95 = -5*x. Let h(m) = -m**3 + 20*m**2 + 21*m + 15. Let y be h(21). What is the highest common divisor of y and x?
15
Let w(l) = 27*l - 48. Let d be w(4). Calculate the greatest common divisor of 72 and d.
12
Suppose -4*g +